when 2568670 is divided by 217.
41
Calculate the remainder when 87402974 is divided by 16.
14
Calculate the remainder when 13677387 is divided by 1698.
1695
Calculate the remainder when 3039387 is divided by 303.
297
What is the remainder when 841317 is divided by 57?
54
Calculate the remainder when 2439924 is divided by 16941.
420
What is the remainder when 199553474 is divided by 55?
54
What is the remainder when 582103 is divided by 66?
49
What is the remainder when 129276 is divided by 328?
44
What is the remainder when 429579 is divided by 4412?
1615
Calculate the remainder when 509469 is divided by 11844.
177
Calculate the remainder when 165086 is divided by 13196.
6734
What is the remainder when 212550 is divided by 73?
47
Calculate the remainder when 63531 is divided by 3913.
923
What is the remainder when 28715887 is divided by 8?
7
Calculate the remainder when 3569142 is divided by 3017.
31
What is the remainder when 16951853 is divided by 1869?
23
What is the remainder when 902239 is divided by 6885?
304
Calculate the remainder when 4900 is divided by 17.
4
Calculate the remainder when 364027 is divided by 6995.
287
Calculate the remainder when 52005433 is divided by 3972.
37
Calculate the remainder when 1512719 is divided by 24.
23
Calculate the remainder when 174178276 is divided by 5788.
5780
Calculate the remainder when 1053816 is divided by 35.
1
Calculate the remainder when 2537353 is divided by 845784.
1
What is the remainder when 315740 is divided by 3626?
278
Calculate the remainder when 2266577 is divided by 161898.
5
What is the remainder when 109044993 is divided by 6747?
6726
Calculate the remainder when 48337675 is divided by 2111.
2108
What is the remainder when 28057143 is divided by 19?
14
What is the remainder when 3379304 is divided by 375478?
2
What is the remainder when 484569 is divided by 157?
67
What is the remainder when 342710 is divided by 9262?
16
Calculate the remainder when 235058907 is divided by 51.
9
What is the remainder when 56315 is divided by 4379?
3767
What is the remainder when 436623 is divided by 43662?
3
What is the remainder when 662197 is divided by 22832?
69
Calculate the remainder when 1353569 is divided by 676770.
29
What is the remainder when 2374829 is divided by 263828?
377
Calculate the remainder when 212306 is divided by 1118.
1004
Calculate the remainder when 86727860 is divided by 65111.
8
Calculate the remainder when 14382 is divided by 13384.
998
Calculate the remainder when 2170951 is divided by 851.
50
What is the remainder when 9879255 is divided by 36?
27
What is the remainder when 337847 is divided by 941?
28
What is the remainder when 82735 is divided by 158?
101
Calculate the remainder when 15003233 is divided by 31.
8
Calculate the remainder when 3357474 is divided by 69943.
210
Calculate the remainder when 4664313 is divided by 9022.
8961
Calculate the remainder when 5368484 is divided by 2932.
2924
Calculate the remainder when 1187910294 is divided by 563.
562
What is the remainder when 209623060 is divided by 3338?
3336
What is the remainder when 26711 is divided by 3674?
993
What is the remainder when 3894280 is divided by 3894024?
256
Calculate the remainder when 308466 is divided by 377.
80
What is the remainder when 277538 is divided by 12611?
96
What is the remainder when 424387 is divided by 245?
47
What is the remainder when 1811326 is divided by 6?
4
Calculate the remainder when 5249941 is divided by 40384.
21
Calculate the remainder when 7121204 is divided by 705.
704
Calculate the remainder when 49850629 is divided by 24925301.
27
Calculate the remainder when 2909 is divided by 608.
477
What is the remainder when 133935109 is divided by 205?
204
What is the remainder when 488072 is divided by 162603?
263
What is the remainder when 2000137 is divided by 666420?
877
Calculate the remainder when 112809 is divided by 112041.
768
What is the remainder when 5480762 is divided by 156593?
7
What is the remainder when 788194430 is divided by 2518?
2516
What is the remainder when 180064 is divided by 410?
74
Calculate the remainder when 74234758 is divided by 6748612.
26
What is the remainder when 602064 is divided by 46303?
125
What is the remainder when 1907587 is divided by 953376?
835
Calculate the remainder when 130176430 is divided by 3994.
3982
Calculate the remainder when 56628 is divided by 240.
228
Calculate the remainder when 26681 is divided by 8541.
1058
What is the remainder when 80741537 is divided by 10092690?
17
What is the remainder when 1152956 is divided by 230198?
1966
What is the remainder when 9306437 is divided by 1034022?
239
What is the remainder when 234177 is divided by 7617?
5667
Calculate the remainder when 445882 is divided by 15374.
36
Calculate the remainder when 1467990 is divided by 2645.
15
What is the remainder when 72106195 is divided by 14421239?
0
What is the remainder when 5334843 is divided by 2667402?
39
Calculate the remainder when 561977 is divided by 80238.
311
Calculate the remainder when 30350401 is divided by 2314.
2291
What is the remainder when 2994267 is divided by 33?
12
What is the remainder when 9772669 is divided by 1396094?
11
What is the remainder when 1146607 is divided by 191087?
85
What is the remainder when 417807 is divided by 414056?
3751
Calculate the remainder when 191419438 is divided by 47854856.
14
What is the remainder when 1521826 is divided by 18?
16
Calculate the remainder when 1551180 is divided by 310226.
50
What is the remainder when 27845 is divided by 8677?
1814
What is the remainder when 16194 is divided by 159?
135
Calculate the remainder when 10184234 is divided by 10.
4
Calculate the remainder when 1246042 is divided by 36647.
44
What is the remainder when 1434505 is divided by 29275?
30
What is the remainder when 7507889 is divided by 500?
389
What is the remainder when 3932748 is divided by 393273?
18
What is the remainder when 4694007 is divided by 22?
21
What is the remainder when 2289 is divided by 2181?
108
What is the remainder when 9776106 is divided by 1574?
1566
What is the remainder when 56033 is divided by 1046?
595
Calculate the remainder when 5243744 is divided by 6434.
34
Calculate the remainder when 265180718 is divided by 280.
278
Calculate the remainder when 5276410 is divided by 246.
202
What is the remainder when 6705158 is divided by 18941?
44
What is the remainder when 454306 is divided by 56590?
1586
What is the remainder when 704913 is divided by 703572?
1341
What is the remainder when 339925 is divided by 1161?
913
Calculate the remainder when 49090527 is divided by 642.
639
What is the remainder when 596556 is divided by 353?
339
What is the remainder when 2422445 is divided by 1744?
29
What is the remainder when 17226401 is divided by 258?
257
Calculate the remainder when 2149843 is divided by 716594.
61
Calculate the remainder when 1275615 is divided by 5207.
5107
What is the remainder when 1052379 is divided by 678?
123
Calculate the remainder when 13004122 is divided by 2078.
2076
What is the remainder when 1974497 is divided by 7181?
6903
What is the remainder when 10336315 is divided by 96?
91
What is the remainder when 26479615 is divided by 94909?
4
What is the remainder when 316277 is divided by 106?
79
What is the remainder when 21378 is divided by 2133?
48
What is the remainder when 5273108 is divided by 5425?
8
Calculate the remainder when 9958 is divided by 114.
40
What is the remainder when 1594463 is divided by 1520?
1503
Calculate the remainder when 567243 is divided by 567009.
234
What is the remainder when 21354 is divided by 4636?
2810
What is the remainder when 3217734 is divided by 952?
926
Calculate the remainder when 475604 is divided by 1065.
614
What is the remainder when 829092 is divided by 55264?
132
Calculate the remainder when 185301 is divided by 14182.
935
Calculate the remainder when 218220 is divided by 36360.
60
What is the remainder when 334703 is divided by 1179?
1046
Calculate the remainder when 632899 is divided by 28422.
7615
Calculate the remainder when 594216 is divided by 74264.
104
Calculate the remainder when 1825833 is divided by 103.
55
Calculate the remainder when 354737 is divided by 374.
185
Calculate the r